{"id":2,"date":"2016-05-10T03:48:21","date_gmt":"2016-05-10T03:48:21","guid":{"rendered":"http:\/\/krampfadern-venen.haut-therapie-zentrum.de\/?page_id=2"},"modified":"2024-02-16T14:12:43","modified_gmt":"2024-02-16T14:12:43","slug":"sample-page","status":"publish","type":"page","link":"https:\/\/krampfadern-venen.haut-therapie-zentrum.de\/","title":{"rendered":"home"},"content":{"rendered":"\n<figure class=\"wp-block-image alignfull size-large\"><img decoding=\"async\" src=\"https:\/\/krampfadern-venen.haut-therapie-zentrum.de\/wp-content\/uploads\/venen-krampfaderleiden-header-hauttherapiezentrum-stuttgart.jpg\" alt=\"Venen- und Krampfadernleiden\" class=\"wp-image-29\"\/><\/figure>\n\n\n\n<h1 class=\"wp-block-heading has-text-align-center ce_headline first\">Venen- und Krampfadernleiden<\/h1>\n\n\n\n<h2 class=\"wp-block-heading has-text-align-center\">Krampfadern: Wenn sich das Blut in den Venen staut \u2026<\/h2>\n\n\n\n<p class=\"has-text-align-center\">\u2026 ist der Gang zum Phlebologen empfehlenswert, dem auf Venenheilkunde spezialisierten Dermatologen. Jede zweite Frau und rund 20 Prozent aller M\u00e4nner stehen nicht mehr auf ganz gesunden Beinen: Sie leiden an Venenerkrankungen mit Krampfaderbildung, die nicht nur optisch unsch\u00f6n ist, sondern auch gef\u00e4hrliche Folgen f\u00fcr die Gesundheit haben kann. Besenreiser, Krampfadern oder ein tiefer liegendes Venenproblem? Die auf Phlebologie spezialisierten Experten des Hauttherapiezentrums Stuttgart analysieren mit modernster <a title=\"Diagnostik von Venen- und Krampfadern\" href=\"https:\/\/www.haut-therapie-zentrum.de\/krampfadern-und-venenleiden-diagnose.html\">Diagnostik<\/a> unkompliziert und schmerzfrei den Zustand der Gef\u00e4\u00dfe.<\/p>\n\n\n\n<div class=\"wp-block-columns is-layout-flex wp-container-core-columns-is-layout-9d6595d7 wp-block-columns-is-layout-flex\">\n<div class=\"wp-block-column is-layout-flow wp-block-column-is-layout-flow\" style=\"flex-basis:20%\"><\/div>\n\n\n\n<div class=\"wp-block-column is-layout-flow wp-block-column-is-layout-flow\">\n<p style=\"text-align: center; border-radius: 3px; padding: 6px; background: linear-gradient(to right, #7a7268 0, #c6bcb0 50%, #7a7268 100%); color: #ffffff !important; font-size: 18px;\"><strong><a style=\"text-decoration: none; color: #ffffff !important;\" title=\"Venen- und Krampfadernleiden Diagnose\" href=\"https:\/\/www.haut-therapie-zentrum.de\/krampfadern-und-venenleiden-diagnose.html\" target=\"_blank\" rel=\"noreferrer noopener\">\u00ab Diagnose \u00bb <\/a><\/strong><\/p>\n<\/div>\n\n\n\n<div class=\"wp-block-column is-layout-flow wp-block-column-is-layout-flow\">\n<p style=\"text-align: center; border-radius: 3px; padding: 6px; background: linear-gradient(to right, #7a7268 0, #c6bcb0 50%, #7a7268 100%); color: #ffffff !important; font-size: 18px;\"><strong><a style=\"text-decoration: none; color: #ffffff !important;\" title=\"Venen- und Krampfadernleiden Behandlung\" href=\"https:\/\/www.haut-therapie-zentrum.de\/behandlung.html\" target=\"_blank\" rel=\"noreferrer noopener\">\u00ab Behandlung \u00bb <\/a><\/strong><\/p>\n<\/div>\n\n\n\n<div class=\"wp-block-column is-layout-flow wp-block-column-is-layout-flow\" style=\"flex-basis:20%\"><\/div>\n<\/div>\n\n\n\n<h2 class=\"wp-block-heading has-text-align-center\">Was sind Krampfadern?<\/h2>\n\n\n\n<p class=\"has-text-align-center\">Krampfadern (Varizen) sind meist als knotig-erweiterte Blutadern an den oberfl\u00e4chlichen Beinvenen und deren Hauptst\u00e4mmen sichtbar. Sie entstehen, wenn sich bei Venenwand- oder Bindegewebeschw\u00e4che Blut in den Beinen staut. Es kann zu \u201eschweren\u201c Beinen, Wassereinlagerungen, entz\u00fcndlichen Hautver\u00e4nderungen und Geschw\u00fcren kommen. Krampfadern verursachen \u00fcbrigens selten Kr\u00e4mpfe: Der Begriff entstammt dem Althochdeutschen \u201eKrumm-adern\u201c f\u00fcr geschl\u00e4ngelte Gef\u00e4\u00dfe. H\u00e4ufig sind bereits Jugendliche oder junge Erwachsene betroffen.<\/p>\n\n\n\n<h2 style=\"color: #b9aca3; font-weight: 400;\">Krampfadern minimalinvasiv entfernen<\/h2>\n\n\n\n<p class=\"has-text-align-left\">Ihre Besenreiser st\u00f6ren Sie schon l\u00e4nger oder Krampfadern bereiten zunehmend Probleme? Dann vereinbaren Sie jetzt einen ersten unverbindlichen Termin in unserer Venensprechstunde. Hier erfahren Sie, wie m\u00fcde Beine wieder munter werden. Sie m\u00f6chten Ihre Krampfadern entfernen lassen? Unsere Spezialisten w\u00e4hlen aus ihrer langj\u00e4hrigen Erfahrung die individuell am besten geeignete <a title=\"Venen- und Krampfadernleiden Therapie\" href=\"https:\/\/www.haut-therapie-zentrum.de\/behandlung.html\">Therapie<\/a> f\u00fcr unbeschwerte Beinfreiheit. Im engen Dialog mit Ihnen stimmen wir uns dann \u00fcber die genaue weitere Vorgehensweise ab. Als Behandlungsm\u00f6glichkeiten bieten wir das gesamte Spektrum der modernen operativen und sanften minimalinvativen Verfahren, insbesondere<\/p>\n\n\n\n<ul class=\"wp-block-list\">\n<li>Radiowellentherapie<\/li>\n\n\n\n<li>Ver\u00f6dung (Sklerosierung)<\/li>\n\n\n\n<li>Lasertherapie<\/li>\n\n\n\n<li>VenaSeal<\/li>\n<\/ul>\n\n\n\n<p>Meist reicht eine kleine \u00f6rtliche Bet\u00e4ubung und Sie sind sofort wieder fit f\u00fcr den Alltag. Die so verschlossene Vene wird in den Folgewochen langsam vom K\u00f6rper abgebaut. Das fr\u00fcher gef\u00fcrchtete \u201eKrampfadern ziehen\u201c (Stripping) geh\u00f6rt im hochspezialisierten Phlebologie-Bereich des Hauttherapiezentrums Stuttgart der Vergangenheit an. Wir helfen Ihren Venen wieder auf die Beine!<\/p>\n\n\n\n<div class=\"wp-block-columns is-layout-flex wp-container-core-columns-is-layout-9d6595d7 wp-block-columns-is-layout-flex\">\n<div class=\"wp-block-column is-layout-flow wp-block-column-is-layout-flow\">\n<a href=\"https:\/\/www.haut-therapie-zentrum.de\/venen-und-krampfaderleiden.html\" target=\"_blank\" rel=\"noreferrer noopener\"><img decoding=\"async\" src=\"https:\/\/krampfadern-venen.haut-therapie-zentrum.de\/wp-content\/uploads\/venen-krampfaderleiden-hauttherapiezentrum-stuttgart.jpg\" alt=\"Venen- und Krampfadernleiden\" target=\"_blank\" rel=\"noreferrer noopener\"><\/a>\n<div class=\"teaser-box\"><h3><a style=\"color: #fff;\" href=\"https:\/\/www.haut-therapie-zentrum.de\/venen-und-krampfaderleiden.html\" target=\"_blank\" rel=\"noreferrer noopener\">\nKrampfadern<\/a><\/h3><\/div>\n\n\n\n<p><\/p>\n<\/div>\n\n\n\n<div class=\"wp-block-column is-layout-flow wp-block-column-is-layout-flow\">\n<a href=\"https:\/\/www.haut-therapie-zentrum.de\/aerzte.html\" target=\"_blank\" rel=\"noreferrer noopener\"><img decoding=\"async\" src=\"https:\/\/krampfadern-venen.haut-therapie-zentrum.de\/wp-content\/uploads\/dr-ralf-merkert-hauttherapiezentrum-stuttgart.jpg\" alt=\"Dr. Ralf Merkert\" target=\"_blank\" rel=\"noreferrer noopener\"><\/a>\n<div class=\"teaser-box\"><h3><a style=\"color: #fff;\" href=\"https:\/\/www.haut-therapie-zentrum.de\/aerzte.html\" target=\"_blank\" rel=\"noreferrer noopener\">\n\u00dcber uns<\/a><\/h3><\/div>\n<\/div>\n\n\n\n<div class=\"wp-block-column is-layout-flow wp-block-column-is-layout-flow\">\n<p class=\"has-text-align-center\">F\u00fcr <br \/>Privatversicherte\/\u00c4sthetik\/Selbstzahler: <br \/>Tel.\u00a0<a href=\"tel:+497112524080\">+49 (0) 711 2524080<\/a><\/p>\n\n\n\n<p class=\"has-text-align-center\">Vereinbaren Sie einen Termin f\u00fcr das erste unverbindliche Beratungsgespr\u00e4ch<\/p>\n\n\n\n<p class=\"has-text-align-center\">Sofern Sie uns telefonisch nicht erreichen, k\u00f6nnen Sie uns Ihre Anfrage gerne auch per Mail zukommen lassen:&nbsp;<a href=\"mailto:info@haut-therapie-zentrum.de\">info@haut-therapie-zentrum.de<\/a><\/p>\n<\/div>\n<\/div>\n","protected":false},"excerpt":{"rendered":"<p>Venen- und Krampfadernleiden Krampfadern: Wenn sich das Blut in den Venen staut \u2026 \u2026 ist der Gang zum Phlebologen empfehlenswert, dem auf Venenheilkunde spezialisierten Dermatologen. Jede zweite Frau und rund 20 Prozent aller M\u00e4nner stehen nicht mehr auf ganz gesunden Beinen: Sie leiden an Venenerkrankungen mit Krampfaderbildung, die nicht nur optisch unsch\u00f6n ist, sondern auch &#8230; <a title=\"home\" class=\"read-more\" href=\"https:\/\/krampfadern-venen.haut-therapie-zentrum.de\/\" aria-label=\"Mehr Informationen \u00fcber home\">Weiterlesen<\/a><\/p>\n","protected":false},"author":1,"featured_media":0,"parent":0,"menu_order":0,"comment_status":"closed","ping_status":"open","template":"","meta":{"footnotes":""},"class_list":["post-2","page","type-page","status-publish"],"_links":{"self":[{"href":"https:\/\/krampfadern-venen.haut-therapie-zentrum.de\/index.php?rest_route=\/wp\/v2\/pages\/2","targetHints":{"allow":["GET"]}}],"collection":[{"href":"https:\/\/krampfadern-venen.haut-therapie-zentrum.de\/index.php?rest_route=\/wp\/v2\/pages"}],"about":[{"href":"https:\/\/krampfadern-venen.haut-therapie-zentrum.de\/index.php?rest_route=\/wp\/v2\/types\/page"}],"author":[{"embeddable":true,"href":"https:\/\/krampfadern-venen.haut-therapie-zentrum.de\/index.php?rest_route=\/wp\/v2\/users\/1"}],"replies":[{"embeddable":true,"href":"https:\/\/krampfadern-venen.haut-therapie-zentrum.de\/index.php?rest_route=%2Fwp%2Fv2%2Fcomments&post=2"}],"version-history":[{"count":25,"href":"https:\/\/krampfadern-venen.haut-therapie-zentrum.de\/index.php?rest_route=\/wp\/v2\/pages\/2\/revisions"}],"predecessor-version":[{"id":90,"href":"https:\/\/krampfadern-venen.haut-therapie-zentrum.de\/index.php?rest_route=\/wp\/v2\/pages\/2\/revisions\/90"}],"wp:attachment":[{"href":"https:\/\/krampfadern-venen.haut-therapie-zentrum.de\/index.php?rest_route=%2Fwp%2Fv2%2Fmedia&parent=2"}],"curies":[{"name":"wp","href":"https:\/\/api.w.org\/{rel}","templated":true}]}}